{"id":202,"date":"2014-02-19T12:04:17","date_gmt":"2014-02-19T10:04:17","guid":{"rendered":"http:\/\/www.afd-schifferstadt.de\/?page_id=202"},"modified":"2022-03-25T00:22:45","modified_gmt":"2022-03-24T22:22:45","slug":"wahlergebnisse-bundestagswahl-2013","status":"publish","type":"page","link":"https:\/\/www.afd-schifferstadt.de\/?page_id=202","title":{"rendered":"Wahlergebnisse"},"content":{"rendered":"\n<h3 class=\"has-text-align-center has-medium-font-size wp-block-heading\">Kommunalwahl 2019!<\/h3>\n\n\n\n<p class=\"has-text-align-center\">Ergebnis: 8,8% &#8211; 3 Sitze<br>Mehr Informationen gibt es hier: <a rel=\"noreferrer noopener\" href=\"https:\/\/www.schifferstadt.de\/rathaus\/aktuelles\/2019\/mai\/wahlergebnisse-2\/\" target=\"_blank\">Wahlergebnisse<\/a><\/p>\n\n\n\n<hr class=\"wp-block-separator is-style-wide mein-trenner\"\/>\n\n\n\n<h3 class=\"has-text-align-center has-medium-font-size wp-block-heading\">Kreistagswahl 2019!<\/h3>\n\n\n\n<p class=\"has-text-align-center\">Ergebnis: 11,5% &#8211; 6 Sitze<\/p>\n\n\n\n<hr class=\"wp-block-separator mein-trenner is-style-wide\"\/>\n\n\n\n<h3 class=\"has-text-align-center has-medium-font-size wp-block-heading\">Bundestagswahl 2017<\/h3>\n\n\n\n<p class=\"has-text-align-center\">Wahlergebnis im Bund: 12,6<br>Wahlergebnis in Rheinland-Pfalz: 11,2%<br>Wahlergebnis in Schifferstadt: 13,7%<\/p>\n\n\n\n<hr class=\"wp-block-separator is-style-wide mein-trenner\"\/>\n\n\n\n<h3 class=\"has-text-align-center has-medium-font-size wp-block-heading\">Landratswahl (Schifferstadt) &#8211; 05.03.2017<\/h3>\n\n\n\n<p class=\"has-text-align-center\">G\u00fcltige Stimmen : 5918<br>K\u00f6rner 4066 CDU 68,7%<br>Weinacht 1165 Gr\u00fcne 19,7%<br>Bachert 687 AfD 11,6%<\/p>\n\n\n\n<hr class=\"wp-block-separator is-style-wide mein-trenner\"\/>\n\n\n\n<h3 class=\"has-text-align-center has-medium-font-size wp-block-heading\">Ergebnis:&nbsp; Wahl &#8222;Ochsen&#8220;<\/h3>\n\n\n\n<p class=\"has-text-align-center\">Mit <strong>ja<\/strong> und f\u00fcr den Ausbau des Ochsen in eine soziale Begegnungst\u00e4tte<br>stimmten 2947 =50,38 %<\/p>\n\n\n\n<p class=\"has-text-align-center\">Mit <strong>nein<\/strong> und gegen den Ausbau<br>stimmten 2909 =49,62 %<\/p>\n\n\n\n<hr class=\"wp-block-separator is-style-wide mein-trenner\"\/>\n\n\n\n<h3 class=\"has-text-align-center has-medium-font-size wp-block-heading\">Landtagswahl 2016!<\/h3>\n\n\n\n<p class=\"has-text-align-center\">Das Wahlergebnis im Land: 12,6%<br>Das Wahlergebnis im Kreis: 16,3%<br>Wahlergebnis in Schifferstadt: 16,6%<\/p>\n\n\n\n<hr class=\"wp-block-separator is-style-wide mein-trenner\"\/>\n\n\n\n<h3 class=\"has-text-align-center has-medium-font-size wp-block-heading\">Europwahl 2014!<\/h3>\n\n\n\n<p class=\"has-text-align-center\">Das Wahlergebnis im Bund: 7,0%<br>&#8211; Das Wahlergebnis in Rheinland-Pfalz: 6,6%<br>&#8211; Das Wahlergebnis im Rhein-Pfalz-Kreis: 8,5%<br>&#8211; Wahlergebnis in Schifferstadt: 9,9%<\/p>\n\n\n\n<hr class=\"wp-block-separator is-style-wide mein-trenner\"\/>\n\n\n\n<h3 class=\"has-text-align-center has-medium-font-size wp-block-heading\">Kommunalwahl 2014!<\/h3>\n\n\n\n<p class=\"has-text-align-center\">Ergebnis: 8,2% &#8211; 3 Sitze<\/p>\n\n\n\n<hr class=\"wp-block-separator is-style-wide mein-trenner\"\/>\n\n\n\n<h3 class=\"has-text-align-center has-medium-font-size wp-block-heading\">Kreistagswahl 2014!<\/h3>\n\n\n\n<p class=\"has-text-align-center\">Ergebnis: 7,8% &#8211; 4 Sitze<\/p>\n\n\n\n<hr class=\"wp-block-separator is-style-wide mein-trenner\"\/>\n\n\n\n<h3 class=\"has-text-align-center has-medium-font-size wp-block-heading\">Bundestagswahlen 2013!<\/h3>\n\n\n\n<p class=\"has-text-align-center\">Das Wahlergebnis im Bund: 4,7%<br>Das Wahlergebnis in Rheinland-Pfalz: 4,8%<br>Das Wahlergebnis im Rhein-Pfalz-Kreis: 5,6%<br>Das Wahlergebnis in Schifferstadt: 6,0%<\/p>\n\n\n\n<p class=\"has-text-align-center\">Sehr geehrte W\u00e4hler, wir danken Ihnen f\u00fcr Ihr Vertrauen!<\/p>\n","protected":false},"excerpt":{"rendered":"<p>Kommunalwahl 2019! Ergebnis: 8,8% &#8211; 3 SitzeMehr Informationen gibt es hier: Wahlergebnisse Kreistagswahl 2019! Ergebnis: 11,5% &#8211; 6 Sitze Bundestagswahl 2017 Wahlergebnis im Bund: 12,6Wahlergebnis in Rheinland-Pfalz: 11,2%Wahlergebnis in Schifferstadt: 13,7% Landratswahl (Schifferstadt) &#8211; 05.03.2017 G\u00fcltige Stimmen : 5918K\u00f6rner 4066 CDU 68,7%Weinacht 1165 Gr\u00fcne 19,7%Bachert 687 AfD 11,6% Ergebnis:&nbsp; Wahl &#8222;Ochsen&#8220; Mit ja und f\u00fcr &hellip; <\/p>\n","protected":false},"author":1,"featured_media":0,"parent":0,"menu_order":0,"comment_status":"closed","ping_status":"open","template":"","meta":{"footnotes":""},"class_list":["post-202","page","type-page","status-publish","hentry"],"_links":{"self":[{"href":"https:\/\/www.afd-schifferstadt.de\/index.php?rest_route=\/wp\/v2\/pages\/202","targetHints":{"allow":["GET"]}}],"collection":[{"href":"https:\/\/www.afd-schifferstadt.de\/index.php?rest_route=\/wp\/v2\/pages"}],"about":[{"href":"https:\/\/www.afd-schifferstadt.de\/index.php?rest_route=\/wp\/v2\/types\/page"}],"author":[{"embeddable":true,"href":"https:\/\/www.afd-schifferstadt.de\/index.php?rest_route=\/wp\/v2\/users\/1"}],"replies":[{"embeddable":true,"href":"https:\/\/www.afd-schifferstadt.de\/index.php?rest_route=%2Fwp%2Fv2%2Fcomments&post=202"}],"version-history":[{"count":18,"href":"https:\/\/www.afd-schifferstadt.de\/index.php?rest_route=\/wp\/v2\/pages\/202\/revisions"}],"predecessor-version":[{"id":1373,"href":"https:\/\/www.afd-schifferstadt.de\/index.php?rest_route=\/wp\/v2\/pages\/202\/revisions\/1373"}],"wp:attachment":[{"href":"https:\/\/www.afd-schifferstadt.de\/index.php?rest_route=%2Fwp%2Fv2%2Fmedia&parent=202"}],"curies":[{"name":"wp","href":"https:\/\/api.w.org\/{rel}","templated":true}]}}