{"id":391,"date":"2014-08-31T17:49:57","date_gmt":"2014-08-31T15:49:57","guid":{"rendered":"http:\/\/www.afd-schifferstadt.de\/?page_id=391"},"modified":"2024-11-29T18:18:14","modified_gmt":"2024-11-29T17:18:14","slug":"stadtraete","status":"publish","type":"page","link":"https:\/\/www.afd-schifferstadt.de\/?page_id=391","title":{"rendered":"Unsere Stadtr\u00e4te"},"content":{"rendered":"\n<div class=\"wp-block-columns are-vertically-aligned-center is-layout-flex wp-container-core-columns-is-layout-9d6595d7 wp-block-columns-is-layout-flex\">\n<div class=\"wp-block-column is-vertically-aligned-center is-layout-flow wp-block-column-is-layout-flow\">\n<figure class=\"wp-block-table aligncenter is-style-stripes\"><table><tbody><tr><td class=\"has-text-align-right\" data-align=\"right\">Fraktionsvorsitzender:<\/td><td>Matthias Kolmer<\/td><\/tr><tr><td class=\"has-text-align-right\" data-align=\"right\">Stellvertretender Fraktionsvorsitzender:<\/td><td>Martin Bertram<\/td><\/tr><tr><td class=\"has-text-align-right\" data-align=\"right\">Stadtr\u00e4te:<\/td><td>Sabine Kerber, Stefanie Imo, Hans J\u00fcrgen Schmidt<\/td><\/tr><\/tbody><\/table><\/figure>\n<\/div>\n<\/div>\n\n\n<div class=\"wp-block-image is-style-rounded\">\n<figure class=\"aligncenter size-large\"><a href=\"https:\/\/www.afd-schifferstadt.de\/wp-content\/uploads\/2024\/06\/Stadtraete2024.jpg\"><img loading=\"lazy\" decoding=\"async\" width=\"1024\" height=\"768\" src=\"https:\/\/www.afd-schifferstadt.de\/wp-content\/uploads\/2024\/06\/Stadtraete2024-1024x768.jpg\" alt=\"\" class=\"wp-image-1531\" srcset=\"https:\/\/www.afd-schifferstadt.de\/wp-content\/uploads\/2024\/06\/Stadtraete2024-1024x768.jpg 1024w, https:\/\/www.afd-schifferstadt.de\/wp-content\/uploads\/2024\/06\/Stadtraete2024-300x225.jpg 300w, https:\/\/www.afd-schifferstadt.de\/wp-content\/uploads\/2024\/06\/Stadtraete2024-768x576.jpg 768w, https:\/\/www.afd-schifferstadt.de\/wp-content\/uploads\/2024\/06\/Stadtraete2024-1536x1152.jpg 1536w, https:\/\/www.afd-schifferstadt.de\/wp-content\/uploads\/2024\/06\/Stadtraete2024-80x60.jpg 80w, https:\/\/www.afd-schifferstadt.de\/wp-content\/uploads\/2024\/06\/Stadtraete2024.jpg 1600w\" sizes=\"auto, (max-width: 1024px) 100vw, 1024px\" \/><\/a><\/figure><\/div>\n\n\n<p><\/p>\n\n\n\n<p class=\"has-text-align-center\">Fototermin auf dem Vorplatz des Rathauses:<\/p>\n\n\n\n<p class=\"has-text-align-center\">Die gew\u00e4hlten Mitglieder der AfD-Fraktion stellen sich vor (von links nach rechts):<\/p>\n\n\n\n<p class=\"has-text-align-center\">Matthias Kolmer &#8211; Fachberater Vertrieb\/Gebietsleiter<br>Sabine Kerber &#8211; Verk\u00e4uferin<br>Hans J\u00fcrgen Schmidt &#8211; Polizeibeamter a.D.<br>Stefanie Imo &#8211; Betriebswirtin<br>Martin Bertram &#8211; Feuerwehrbeamter<\/p>\n\n\n\n<p class=\"has-text-align-center\">&nbsp;<\/p>\n\n\n\n<p class=\"has-text-align-center\">Die AfD-Fraktion freut sich auf eine konstruktive Zusammenarbeit mit den Stadtratsmitgliedern und der Verwaltung der Stadt Schifferstadt in den kommenden f\u00fcnf Jahren.<\/p>\n\n\n\n<p class=\"has-text-align-center\">Sie interessieren sich f\u00fcr die Politik der AfD und m\u00f6chten zu Stammtischen oder pers\u00f6nlichen Gespr\u00e4chen eingeladen werden?<\/p>\n\n\n\n<p class=\"has-text-align-center\">Schicken Sie einfach eine E-Mail an <a href=\"mailto:fraktion@afd-schifferstadt.de\">fraktion@afd-schifferstadt.de<\/a> oder<\/p>\n\n\n\n<p class=\"has-text-align-center\"><a href=\"mailto:mitwirken@afd-schifferstadt.de\">mitwirken@afd-schifferstadt.de<\/a> \u2013 wir freuen uns!<\/p>\n\n\n\n<p><\/p>\n\n\n\n<p><\/p>\n\n\n\n<p><\/p>\n","protected":false},"excerpt":{"rendered":"<p>Fraktionsvorsitzender: Matthias Kolmer Stellvertretender Fraktionsvorsitzender: Martin Bertram Stadtr\u00e4te: Sabine Kerber, Stefanie Imo, Hans J\u00fcrgen Schmidt Fototermin auf dem Vorplatz des Rathauses: Die gew\u00e4hlten Mitglieder der AfD-Fraktion stellen sich vor (von links nach rechts): Matthias Kolmer &#8211; Fachberater Vertrieb\/GebietsleiterSabine Kerber &#8211; Verk\u00e4uferinHans J\u00fcrgen Schmidt &#8211; Polizeibeamter a.D.Stefanie Imo &#8211; BetriebswirtinMartin Bertram &#8211; Feuerwehrbeamter &nbsp; Die AfD-Fraktion &hellip; <\/p>\n","protected":false},"author":1,"featured_media":0,"parent":2,"menu_order":0,"comment_status":"closed","ping_status":"closed","template":"","meta":{"footnotes":""},"class_list":["post-391","page","type-page","status-publish","hentry"],"_links":{"self":[{"href":"https:\/\/www.afd-schifferstadt.de\/index.php?rest_route=\/wp\/v2\/pages\/391","targetHints":{"allow":["GET"]}}],"collection":[{"href":"https:\/\/www.afd-schifferstadt.de\/index.php?rest_route=\/wp\/v2\/pages"}],"about":[{"href":"https:\/\/www.afd-schifferstadt.de\/index.php?rest_route=\/wp\/v2\/types\/page"}],"author":[{"embeddable":true,"href":"https:\/\/www.afd-schifferstadt.de\/index.php?rest_route=\/wp\/v2\/users\/1"}],"replies":[{"embeddable":true,"href":"https:\/\/www.afd-schifferstadt.de\/index.php?rest_route=%2Fwp%2Fv2%2Fcomments&post=391"}],"version-history":[{"count":22,"href":"https:\/\/www.afd-schifferstadt.de\/index.php?rest_route=\/wp\/v2\/pages\/391\/revisions"}],"predecessor-version":[{"id":1542,"href":"https:\/\/www.afd-schifferstadt.de\/index.php?rest_route=\/wp\/v2\/pages\/391\/revisions\/1542"}],"up":[{"embeddable":true,"href":"https:\/\/www.afd-schifferstadt.de\/index.php?rest_route=\/wp\/v2\/pages\/2"}],"wp:attachment":[{"href":"https:\/\/www.afd-schifferstadt.de\/index.php?rest_route=%2Fwp%2Fv2%2Fmedia&parent=391"}],"curies":[{"name":"wp","href":"https:\/\/api.w.org\/{rel}","templated":true}]}}